 the hundreds digit of 707905?
9
What is the ten millions digit of 10727848?
1
What is the hundreds digit of 9527157?
1
What is the tens digit of 264977?
7
What is the units digit of 683230?
0
What is the hundreds digit of 764644?
6
What is the hundreds digit of 1241710?
7
What is the units digit of 21407?
7
What is the ten thousands digit of 113744?
1
What is the tens digit of 33989737?
3
What is the hundred thousands digit of 3241496?
2
What is the thousands digit of 4191416?
1
What is the millions digit of 4897901?
4
What is the ten millions digit of 21489905?
2
What is the units digit of 2143753?
3
What is the tens digit of 622083?
8
What is the hundreds digit of 27370?
3
What is the hundreds digit of 981587?
5
What is the thousands digit of 3128983?
8
What is the tens digit of 845954?
5
What is the hundreds digit of 258551?
5
What is the thousands digit of 415700?
5
What is the units digit of 15708342?
2
What is the millions digit of 3361315?
3
What is the thousands digit of 51487?
1
What is the hundreds digit of 870684?
6
What is the units digit of 18284902?
2
What is the ten thousands digit of 317910?
1
What is the hundred thousands digit of 1654824?
6
What is the units digit of 568162?
2
What is the hundred thousands digit of 813597?
8
What is the tens digit of 191712?
1
What is the hundred thousands digit of 1244941?
2
What is the tens digit of 4362273?
7
What is the ten thousands digit of 339870?
3
What is the hundreds digit of 1074036?
0
What is the units digit of 798766?
6
What is the thousands digit of 9184847?
4
What is the hundreds digit of 9787040?
0
What is the ten thousands digit of 1655970?
5
What is the tens digit of 156815?
1
What is the hundreds digit of 70495?
4
What is the hundred thousands digit of 1027036?
0
What is the hundreds digit of 23058600?
6
What is the millions digit of 1869192?
1
What is the hundred thousands digit of 419749?
4
What is the thousands digit of 217119?
7
What is the thousands digit of 260285?
0
What is the millions digit of 2299599?
2
What is the tens digit of 23655?
5
What is the units digit of 521228?
8
What is the hundred thousands digit of 17551669?
5
What is the millions digit of 2419045?
2
What is the ten thousands digit of 9063804?
6
What is the tens digit of 2265103?
0
What is the millions digit of 12128805?
2
What is the tens digit of 437665?
6
What is the ten thousands digit of 11999929?
9
What is the hundred thousands digit of 596993?
5
What is the tens digit of 333398?
9
What is the hundred thousands digit of 574763?
5
What is the hundreds digit of 1505583?
5
What is the tens digit of 6281947?
4
What is the units digit of 905877?
7
What is the thousands digit of 276806?
6
What is the hundred thousands digit of 1577126?
5
What is the tens digit of 494050?
5
What is the thousands digit of 3327943?
7
What is the millions digit of 4679232?
4
What is the tens digit of 977831?
3
What is the hundred thousands digit of 13897695?
8
What is the tens digit of 272919?
1
What is the thousands digit of 278154?
8
What is the hundred thousands digit of 600119?
6
What is the hundreds digit of 365029?
0
What is the hundreds digit of 3159470?
4
What is the tens digit of 1177718?
1
What is the hundreds digit of 662985?
9
What is the hundreds digit of 12816?
8
What is the ten millions digit of 11452733?
1
What is the thousands digit of 17226668?
6
What is the tens digit of 7514071?
7
What is the hundreds digit of 3834509?
5
What is the hundred thousands digit of 871765?
8
What is the thousands digit of 590187?
0
What is the thousands digit of 1215891?
5
What is the hundreds digit of 354544?
5
What is the millions digit of 29177743?
9
What is the units digit of 639220?
0
What is the thousands digit of 394514?
4
What is the ten thousands digit of 740767?
4
What is the hundreds digit of 1317548?
5
What is the thousands digit of 1816867?
6
What is the hundreds digit of 139889?
8
What is the ten thousands digit of 252252?
5
What is the thousands digit of 198041?
8
What is the tens digit of 683705?
0
What is the ten thousands digit of 286545?
8
What is the millions digit of 1475052?
1
What is the hundreds digit of 1088494?
4
What is the thousands digit of 4058237?
8
What is the units digit of 77877?
7
What is the tens digit of 360099?
9
What is the hundreds digit of 600033?
0
What is the thousands digit of 16673378?
3
What is the ten thousands digit of 119111?
1
What is the thousands digit of 379653?
9
What is the units digit of 7058473?
3
What is the tens digit of 1390828?
2
What is the tens digit of 2313771?
7
What is the hundred thousands digit of 267031?
2
What is the hundreds digit of 378668?
6
What is the hundreds digit of 172827?
8
What is the hundreds digit of 451829?
8
What is the thousands digit of 1810267?
0
What is the ten thousands digit of 1390287?
9
What is the tens digit of 7331257?
5
What is the millions digit of 19206589?
9
What is the ten millions digit of 34346014?
3
What is the thousands digit of 6425583?
5
What is the hundred thousands digit of 132577?
1
What is the thousands digit of 12969?
2
What is the hundred thousands digit of 372239?
3
What is the units digit of 3808819?
9
What is the tens digit of 35634?
3
What is the tens digit of 12097349?
4
What is the tens digit of 274175?
7
What is the thousands digit of 6168561?
8
What is the ten thousands digit of 466282?
6
What is the tens digit of 265581?
8
What is the units digit of 95338?
8
What is the thousands digit of 8516476?
6
What is the hundreds digit of 434672?
6
What is the units digit of 33559927?
7
What is the thousands digit of 1540591?
0
What is the tens digit of 3586116?
1
What is the tens digit of 89781?
8
What is the ten thousands digit of 464514?
6
What is the tens digit of 5120614?
1
What is the ten thousands digit of 441129?
4
What is the ten thousands digit of 2395613?
9
What is the ten thousands digit of 9807933?
0
What is the tens digit of 328997?
9
What is the tens digit of 389963?
6
What is the hundred thousands digit of 185641?
1
What is the units digit of 6409552?
2
What is the hundreds digit of 643106?
1
What is the hundreds digit of 220792?
7
What is the ten thousands digit of 6607164?
0
What is the tens digit of 217801?
0
What is the ten thousands digit of 316199?
1
What is the tens digit of 1695153?
5
What is the units digit of 1657326?
6
What is the tens digit of 6278843?
4
What is the millions digit of 12793966?
2
What is the ten thousands digit of 6990295?
9
What is the units digit of 231053?
3
What is the millions digit of 2879321?
2
What is the hundreds digit of 46174?
1
What is the units digit of 509752?
2
What is the hundred thousands digit of 2059861?
0
What is the thousands digit of 21341361?
1
What is the hundreds digit of 137757?
7
What is the tens digit of 5614643?
4
What is the units digit of 341429?
9
What is the units digit of 4301744?
4
What is the thousands digit of 3210164?
0
What is the thousands digit of 142392?
2
What is the thousands digit of 3529414?
9
What is the hundreds digit of 901692?
6
What is the thousands digit of 175282?
5
What is the units digit of 1650819?
9
What is the units digit of 2633210?
0
What is the thousands digit of 119095?
9
What is the millions digit of 2225835?
2
What is the ten thousands digit of 3814808?
1
What is the hundred thousands digit of 643182?
6
What is the hundreds digit of 2347473?
4
What is the ten thousands digit of 21317?
2
What is the thousands digit of 9356747?
6
What is the thousands digit of 8193831?
3
What is the hundred thousands digit of 21446138?
4
What is the tens digit of 263139?
3
What is the hundreds digit of 88154?
1
What is the tens digit of 3581229?
2
What is the units digit of 227238?
8
What is the units digit of 12723996?
6
What is the thousands digit of 180098?
0
What is the hundred thousands digit of 8494148?
4
What is the millions digit of 24291094?
4
What is the hundreds digit of 30107157?
1
What is the hundreds digit of 6172442?
4
What is the ten thousands digit of 42064644?
6
What is the units digit of 765401?
1
What is the millions digit of 4395966?
4
What is the thousands digit of 766575?
6
What is the units digit of 419780?
0
What is the hundreds digit of 1101504?
5
What is the millions digit of 1109959?
1
What is 